0. Let k be s(6). Let u = k - -2717. What is the tens digit of u?
3
Suppose -12*b - 10 = 14. Let n be -2 + 5*26 + b. Suppose 6*a - 94 = 2*a + 5*m, -5*a + n = -2*m. What is the tens digit of a?
2
Suppose 5*k - 10*k = -4*f - 82, 3*k = 3*f + 48. Let v(c) = 20*c - 115. What is the hundreds digit of v(k)?
2
Let c = 7 + -3. Let h(q) = 8*q**2 - 14*q + 13*q**2 - c - 5*q - q**3. What is the tens digit of h(20)?
1
Let b(p) = p**2 + 27*p + 38. Let l be b(-23). Let t be l/36*4/(-3) + -4. What is the hundreds digit of (-889)/(-5) + t + 22/10?
1
What is the thousands digit of -8 + 7 + 3400 - 15?
3
Let t(o) = o**3 - 7*o**2 - 5*o - 22. Let m be t(8). Suppose 3*d + 7 - 36 = 5*l, l - 15 = -m*d. Suppose -1179 = -d*n - 59. What is the hundreds digit of n?
1
Let o(c) = -2224*c + 3344. What is the thousands digit of o(-14)?
4
Let p = 2378 - 885. Suppose n = -5*h + 2497, -3*h + 2*n + 0*n = -p. Suppose 0 = z - 4*t - 133, 4*t - 46 - h = -5*z. What is the tens digit of z?
1
Suppose -10 = -18*c + 16*c. Suppose c*i = 1313 - 403. What is the hundreds digit of i?
1
Suppose g = 2*q - 0*q + 378, -3*q + 1838 = 5*g. Let r be 395/(-2) + 27/54. Let o = r + g. What is the hundreds digit of o?
1
Let x(d) = 3*d**2 + 17. Let a be x(5). Suppose -4*g + y - 245 = 0, -g = 3*y - 21 + a. Let r = 95 + g. What is the tens digit of r?
3
What is the hundreds digit of (3042/8)/(16/576) - 2?
6
Suppose -33120 = 104*z - 124*z. What is the tens digit of z?
5
Suppose 0 = -3*d + y + 87071, 499*d = 495*d - 5*y + 116082. What is the units digit of d?
3
Let w(p) = -p**3 + 25*p**2 - 6*p + 46. Let u be w(24). Suppose 2*a - 3*a + y = -239, -2*a - 5*y + u = 0. What is the hundreds digit of a?
2
Let d(q) = -q**3 + 6*q**2 - 2*q - 5. Let k = 13 + -8. Let z be d(k). Let w = 27 - z. What is the units digit of w?
7
Let b = 349 + -345. Suppose -3*h - 3*v = -1443, h + 83 = -b*v + 549. What is the hundreds digit of h?
4
Let n(r) = r + 124 + 4*r - 2*r. Suppose 336*s = 334*s. What is the hundreds digit of n(s)?
1
Suppose 888083 + 295693 = 27*p + 21*p. What is the tens digit of p?
6
Suppose 6*b = 9*b. Suppose 0 = -2*a + 2*p - 202 + 56, b = a - 2*p + 72. Let k = 18 - a. What is the tens digit of k?
9
Suppose s - 13223 = -g, 666*s = 661*s - 10. What is the units digit of g?
5
Let f be -1*6 - (-15 - (5 - 9)). Suppose 11*d = f*g + 13*d - 2933, -2*g + 5*d + 1179 = 0. What is the units digit of g?
7
Let i be (4/3)/(20/30). Suppose 0 = k - i*k - 39. What is the units digit of 2214/26 - (-6)/k?
5
Suppose -5*q - 4*n = -3*n - 21, -q - 3 = 2*n. What is the hundreds digit of (-6)/(-15) - (-1018)/q?
2
What is the units digit of 15/(-25) + 128686/185?
5
What is the ten thousands digit of (-12 - -15)*14709 - (3 - 3 - -6)?
4
Suppose 15*v = 21094 + 926. What is the tens digit of (-2)/((32/v)/(-8))?
3
Suppose m - 3 = -j, 3*j - 3*m = -5*m + 8. Suppose 5*i = j*q + 6533, -q - 4*q + 5 = 0. What is the thousands digit of i?
1
Let u(f) = f**3 - 12*f**2 + 9*f - 16. Suppose 5*t + 180 = 5*l, l = -2*t - 70 + 10. Let a = t + 44. What is the units digit of u(a)?
2
Suppose 0 = 2*k, 6*u - 5*k = u + 185. Let g = u - -17. What is the hundreds digit of (-12)/g - (-1379)/9?
1
Let s = 1481 + -985. Suppose 2*b - 490 = -2*t - 170, 0 = -3*b + t + s. What is the units digit of b?
4
Let c be (-15)/(-4) - 2/(-8). Suppose -c*v = -2*v + 44. Let i = 106 + v. What is the units digit of i?
4
Let v = -712 + 1564. Let f be (-84)/(-39) - (4 + (-100)/26). Suppose -u + 6*u - v = 2*p, -f*p + 8 = 0. What is the hundreds digit of u?
1
Let v(a) = 36*a**2 - 7. Let c be v(-6). Let k = c + -731. Suppose -5*i + 62 = -k. What is the hundreds digit of i?
1
Suppose 14 = 43*v - 287. What is the units digit of 761*(v - (-4 + 9))?
2
Suppose 38296 = 43*m - 129103. What is the tens digit of m?
9
Let z(o) = 3*o - 3. Let y be z(3). Let b be 6/1*(36/8)/(-9). What is the units digit of ((-117)/y)/b*(25 + -7)?
7
Suppose -83*w + 907309 + 375290 = 0. What is the units digit of w?
3
Let q be (-1)/((-1 + -2)/6). Let p = -116 + 120. What is the tens digit of q*58*1/p?
2
Suppose 0*t = -5*t + 10. Let h(u) = 5*u**2 - 9 - 21*u**2 + 9*u**t + 6*u**2 - 13*u. What is the tens digit of h(-10)?
2
Let v(z) = z**3 - 16*z**2 + 39*z + 10. Let l be v(13). Suppose 3*h - 58 = -y + 30, l = 2*h. What is the units digit of y?
3
Let k(m) = 506*m**2 + m + 2. Let l(y) = y**2 - 13*y - 69. Let t be l(17). What is the hundreds digit of k(t)?
5
Let u(q) = 13*q**2 - 68*q + 48. What is the tens digit of u(17)?
4
What is the tens digit of (4764/(-1985))/(2/(-15510))?
1
Let l(m) = 2*m**3 - 14*m - 2. Let b = 49 + -42. What is the units digit of l(b)?
6
Suppose 4*k + k = i - 173, 346 = 2*i - 2*k. Let v = -2 + 5. What is the units digit of i/v + 8/(-12)?
7
What is the thousands digit of 24/252 - 2131646/(-231)?
9
Suppose 0 = 2*x - u - 2, 9*u - 12 = 6*u. Suppose 0 = -4*y - 4, -x*n - 1099 = -7*n + 3*y. What is the tens digit of n?
7
Let j(m) = 7*m**2 - 12*m + 12. Let k be j(4). Suppose z - 3*l + 8 = -5*l, 3 = -z - l. Suppose -z*g = -g + 5*d - 74, -g - 3*d = -k. What is the tens digit of g?
7
Let d = -53 - -87. Suppose r - 2*r = 5*j - 46, -r = -3*j + d. Let w(o) = 3*o + 13. What is the tens digit of w(j)?
4
Suppose -2*r - j + 4710 = 0, 249 = j + 253. What is the hundreds digit of r?
3
What is the units digit of (6 - (-2 + 1)) + 8714 + 62?
3
Suppose -4*z - 556 = 4*u, 27*u + 4*z = 25*u - 276. Let m = u + 792. What is the units digit of m?
2
Suppose 0 = -4*r + 5*b + 35488, 8*r + 3*b = 3*r + 44360. What is the thousands digit of r?
8
Suppose 13 = -3*o + 25. Let y = 2 - o. What is the tens digit of 3 - -37 - (-3 - (y - -1))?
4
Let v(a) = -11*a**2 + 7*a**2 + 1 + 2*a**2 + 60*a**3 + a. Let l be v(-1). Let n = l + 70. What is the units digit of n?
8
Suppose 69*y - 65*y - 40416 = 0. What is the thousands digit of y?
0
Let i(n) = -3882*n**3 - 16*n**2 - 17*n + 14. What is the hundreds digit of i(-2)?
0
Suppose 284 = 4*r - 4*c, r + c - 104 = -25. Suppose 78*u - 909 = r*u. What is the units digit of u?
3
Let r(n) be the third derivative of -11*n**4/8 + 271*n**3/6 + 13*n**2 + 5. What is the units digit of r(4)?
9
Let u(s) = -s**3 - s**2 - s - 1. Let g(f) = 2*f**3 + 7*f**2 + 3*f. Let c be 2/(-3)*(-3)/(-2). Let l(i) = c*g(i) - 5*u(i). What is the units digit of l(3)?
4
Let x = 26466 + -16810. What is the hundreds digit of x?
6
Let x be 66/18 - 2/(-6). Let f be (16 - x)/(-1 - 2/(-4)). What is the units digit of 1*267*(-8)/f*1?
9
What is the units digit of ((-37704)/14)/((-6)/126*6)?
6
Let f = -7095 - -11635. What is the tens digit of f?
4
Suppose -11*q - 2*r - 38126 = -12*q, 3*q - 114322 = -r. What is the ten thousands digit of q?
3
Let n be (-5)/(-10) - 55/(-2). Suppose 0 = 5*c - 27 - n. What is the tens digit of (-13 + c)*29/(-2)?
2
Suppose 150*u + 58000 = 158*u. What is the units digit of u?
0
What is the hundreds digit of 2437200/324 - (-4)/(-18)?
5
Suppose -26424*u - 19745 = -26429*u. What is the units digit of u?
9
Let a = -372 - -222. Let w be 1/((-2)/a) + (6 - 9). Let k = w - 55. What is the units digit of k?
7
Let i = -5803 - -9743. What is the units digit of i?
0
Suppose -5*h = -0*n - n - 26, 0 = -2*h + 3*n. Suppose -1423 = -h*o - 7. Let k = -121 + o. What is the tens digit of k?
1
Suppose 3*y - 609 = 3*l - 0*l, 5*y + l = 1009. Suppose 0*w + y = 4*z + 2*w, -2*w = 3*z - 149. Let x = 90 - z. What is the units digit of x?
7
Suppose 0 = 2*n + 10, -4*h + 5 + 11 = 4*n. Suppose 5*m + 3*z - 1453 = 0, -5*z + h*z = -4*m + 1156. What is the units digit of m?
3
Suppose 23412 = 2*n - 3928. What is the units digit of n?
0
Let q = 4132 - -8887. What is the thousands digit of q?
3
Let c = -3314 - -5864. What is the thousands digit of c?
2
What is the thousands digit of 4/6*(-3166527)/(-196)*(-6)/(-3)?
1
Let p(q) = -1460*q - 185. What is the units digit of p(-9)?
5
Let p(z) = 9145*z + 1517. What is the ten thousands digit of p(3)?
2
Let l = 1795 - 3279. What is the units digit of (-3)/((-6)/l)*10/(-4)?
5
Suppose 2*x - 3*o - 1556 = 5350, 5*o + 3453 = x. Suppose -45*g = -48*g + x. What is the thousands digit of g?
1
Let b(x) = 20059*x + 1296. What is the ten thousands digit of b(2)?
4
Let w = 790 - 800. What is the hundreds digit of (-2198)/(-3) + w/15?
7
Let t = 28 + -24. Let h be ((-238)/(-8) - t)/((-1)/(-4)). Suppose -h = -5*a + 117. What is the unit